Is j composite?
True
Suppose -h - 5950 - 2716 = 0. Let y = h + 14565. Is y a prime number?
False
Let v = -22 - -12. Is v/(-45) - 44593/(-9) a composite number?
True
Let f(k) = 160*k**2 - 11*k + 17*k - 5 - 4*k. Is f(-2) a composite number?
False
Is 2/7*(-1919169)/(-18) composite?
True
Let k(p) = -31*p + 63. Let g be k(2). Is 3490 + g + 0/(-4) prime?
True
Suppose -10*i + 52 = 102. Let v(b) be the third derivative of -b**6/120 - b**5/15 + b**4/12 + 2*b**3/3 + 2*b**2. Is v(i) a composite number?
False
Suppose 0 = 23*k + 9*k - 160. Suppose -2*b - 5*w + 21282 + 1816 = 0, 2*w - 57703 = -k*b. Is b composite?
True
Suppose 0*n + 0*n = 9*n. Suppose 5*m - 2092 = -c, n*c = m + c - 416. Is m a prime number?
True
Suppose 2*p - p - 1062 = 5*y, 0 = -y - 3*p - 206. Let l be y/(-7)*63/27*3. Is (l/3)/(2/3) a composite number?
True
Suppose 1963*a - 1393060 = 1959*a. Is a a composite number?
True
Let b be 124/20 + 4 - 4/20. Suppose 25897 - 93927 = -b*m. Is m a prime number?
True
Let g(l) = 1939*l + 14. Suppose -5*o + s = 100, -o + s - 37 = o. Let a(k) = 388*k + 3. Let t(z) = o*a(z) + 4*g(z). Is t(-3) a composite number?
True
Let o = 107 - 99. Is ((-14)/5)/(o/(-4220)) composite?
True
Let q(v) = 73*v**2 - 8*v + 3. Let n(d) = -73*d**2 + 7*d - 3. Let g(c) = 4*c - 22. Let o be g(4). Let y(z) = o*n(z) - 5*q(z). Is y(1) prime?
False
Let d(w) = -w**2 + 4*w + 17. Let s be d(-2). Is s + -5 - 1 - -878 composite?
False
Let h(m) = 4 + 4*m + 1145*m**2 + 6 + 2*m. Let k = 145 + -148. Is h(k) composite?
True
Suppose 2*c = -2*c. Suppose 2*l + 5*w + 0*w - 11 = c, 3*l = -5*w + 4. Is (-3108)/l + -1*1 prime?
True
Let q = -408 - -413. Suppose 14838 = x + 3*x - 2*h, h = -q*x + 18544. Is x a composite number?
False
Is (204/(-24))/17 - (-5469400)/16 composite?
True
Let g(f) = f**3 + 2*f**2 + 12*f + 32. Let q(n) = 28*n + 15. Let l be q(0). Is g(l) a composite number?
True
Suppose 4*h + 49*c = 52*c + 10518, 5*c = 2*h - 5252. Is h a composite number?
True
Let g(q) be the third derivative of 263*q**4/8 - 13*q**3/6 + 2*q**2. Let u(w) = w**3 + 3*w**2 + 15*w + 80. Let x be u(-4). Is g(x) prime?
False
Let n(t) = -2*t**3 - 11*t**2 + 17*t - 29. Suppose -10*m - 54 - 46 = 0. Is n(m) a prime number?
True
Suppose 5*f - 2*m = 97788, 5*f - 90213 - 7563 = -m. Suppose 0*b = 5*i + b - 97764, 3*b + f = i. Is i a composite number?
False
Suppose -651392 - 1625826 = -20*g + 942122. Is g a prime number?
True
Suppose 0 = -4*a + 3*a - 2*t + 18, -2*a + 36 = -2*t. Suppose 0 = -2*g - 7*g + a. Suppose -2*x + g*f + 624 = 4*f, 2*f = 5*x - 1525. Is x composite?
False
Let a(w) = 12*w + 32. Let y be a(-4). Let f = y - -14. Is (2 - 1)/((-793)/397 - f) composite?
False
Is ((-343580)/30)/(6/(-9)) prime?
False
Let y(q) be the second derivative of -26*q + 0 + 3/2*q**3 + 25/12*q**4 + 7/2*q**2. Is y(6) composite?
True
Is 834730180/9490 - (1/13)/(-1) a composite number?
False
Suppose 0 = 2*m - 50*m + 48. Suppose -2*z - 3 - m = 0, -5*d + z + 14647 = 0. Is d composite?
True
Let q = -964 - -5970. Is q a composite number?
True
Suppose -4*d + 248935 = 5*q, 0 = 6*q - 10*d + 11*d - 298703. Is q a composite number?
False
Let u = 32 - 19. Suppose 3*a - 3*t = 48, 0 = 4*t + u - 17. Suppose a = -4*q + 2*g + 655, 3*q - 480 = g. Is q prime?
False
Let d = -1590 - -2295. Suppose -4*v + 9*v - d = 0. Is v a composite number?
True
Suppose -54*t = -66*t + 24. Suppose 6*k - k = -t*x + 27019, -2*x = -4*k - 27046. Is x prime?
False
Suppose 0 = -s - 7, -709*s - 3036986 = -5*x - 706*s. Is x prime?
False
Suppose 5*d - 2*n - n = 105, -25 = -5*n. Let h(v) = -1 - 1 + d*v - 5 + v**2. Is h(16) a prime number?
False
Is 2545780/12 - ((-323)/570 + (-2)/20) composite?
True
Let p(y) = 7*y**2 - 2*y. Let z be p(1). Suppose 0*k + 3*x - 2849 = -k, z*k - 14233 = -3*x. Is k a prime number?
False
Is (-2631302)/(-2)*((-7)/1 + (-16)/(-2)) composite?
False
Is 8/(-16)*(-43459 + (-7)/(14/6)) composite?
True
Let g(x) = -3418*x**2 - x - 12. Let z(n) = 6837*n**2 + 2*n + 26. Let i(v) = -13*g(v) - 6*z(v). Is i(1) prime?
True
Let t be (-4*(-6)/8)/1. Let m be (-573)/(-4) + 1/(-4). Suppose 4*q + 2468 = 4*z, -t*z - m + 1991 = -2*q. Is z a composite number?
True
Suppose 0 = 7*z + 4*z - 55. Suppose 0*f - 2*f + 52131 = 3*i, 0 = -2*i + z*f + 34754. Is i composite?
False
Let u(z) = -17*z + 625. Is u(-14) prime?
True
Let h(f) = 79*f**2 - 10*f + 108. Let w(v) = -3*v**2 + v + 1. Let z(k) = h(k) + 4*w(k). Is z(-11) composite?
True
Let r = -17 - -9. Let n(p) = -5*p**3 - 7*p**2 - 5*p + 5. Let v(y) = -6*y**3 - 7*y**2 - 7*y + 5. Let x(i) = 3*n(i) - 2*v(i). Is x(r) prime?
False
Let v(l) = -l**3 + 4*l**2 + 5*l + 2. Let h(j) = 11*j + 5. Let b be h(0). Let g be v(b). Suppose g*p - 7*p + 5*i = -385, 6 = 3*i. Is p composite?
False
Let r = 18020 + 28643. Is r prime?
True
Let f be 4 - 1*2/(-2). Suppose 4*x - 3*q = 15, 3*q = 4*x + 2*q - f. Suppose x = -3*b + 43 + 131. Is b a composite number?
True
Let h = -960 + 965. Let j = 4 + 1. Suppose g - 923 = -p + 645, 0 = j*g - h. Is p composite?
False
Let t be 9 + (-16)/2 + -1. Suppose t = -24*x + 30*x - 34530. Is x composite?
True
Let m = 1665 - -5558. Is m composite?
True
Suppose 0 = 4*n - 3*i + 196, -3*n - 96 - 26 = 4*i. Let m = 772 - n. Suppose -m = 28*h - 30*h. Is h composite?
False
Suppose 148042 = 2*p - 151632. Is p composite?
False
Let v(n) = -n**2 - 2*n + 72. Let p be v(0). Suppose -82*z + 74650 = -p*z. Is z a prime number?
False
Let l(u) = 70*u + 25. Let y(g) = 851*g + 305. Let d(f) = -567*f - 203. Let r(o) = -8*d(o) - 5*y(o). Let z(w) = -9*l(w) + 2*r(w). Is z(-6) a prime number?
False
Suppose -25*u + 56*u = 38719. Is u a composite number?
False
Let h = 4 + -23. Let w be 1*-2 + (-285)/h. Suppose 11996 = -9*a + w*a. Is a a prime number?
True
Suppose 30 = -5*x - 5*k, 0 = 2*k + 4. Is (-49885)/(-15) - (65/(-15) - x) prime?
False
Let m = -137922 + 81090. Is 2/(-6) + m/(-72) composite?
True
Suppose -33 = -10*o + 7*o. Suppose s = -3*w + 6409, -15 = w - o. Is s a composite number?
False
Suppose -10*h - 2437 = -66587. Let f = 23286 - h. Is f a prime number?
True
Suppose 9*l + 13 = 4*b + 12*l, -2*l = b + 3. Let x(k) = 446*k + 185. Is x(b) prime?
True
Suppose 4*n - 2*j = 3 - 5, -8 = n + 2*j. Let a(m) = m**3 + 2*m**2 - m + 2. Let g be a(n). Is 295 + -7 + g + 0 + -1 a prime number?
False
Let x(y) = 5435*y**2 + 78*y - 291. Is x(4) a composite number?
False
Let x(o) = -2*o + 30*o**2 - 54*o**2 + 798*o**3 + 25*o**2. Let a be x(1). Suppose 4*c - a = -5*l, -130 - 36 = -l - 3*c. Is l composite?
False
Suppose -17871 = -5*n - 4*x + 14798, 3*x + 26160 = 4*n. Is n prime?
False
Let y = -22017 - -4705. Is 5/15 - y/3 a prime number?
False
Suppose -3*u + 3055 = 4*b, -2*u + 0*b + 2045 = b. Let g = -538 + u. Is g composite?
False
Let b = 2317 - 6587. Is 47/(-94) + (-2)/(8/b) a prime number?
False
Let u = -151 - -151. Suppose 0 = 3*m - 5*y - 26433 - 14827, u = m - 3*y - 13760. Is m a composite number?
True
Let c = 1473 + 185. Let j = 4719 - c. Is j prime?
True
Suppose -4*q - 12978 = 17*q. Let n = 2249 + q. Is n prime?
False
Let r(q) = -q**3 - 5*q + 8941. Let y(u) = -u**2 - 21*u - 20. Let d be y(-20). Is r(d) composite?
False
Suppose j + 4*y = 150225, -3*j + 4*y = -6*j + 450691. Is j a prime number?
False
Let i be (-51)/(-9) + (16/12 - 1). Suppose 4 + 2 = i*r. Is (-2 + r)*(-93)/3 a prime number?
True
Suppose -47 - 13 = -10*l. Suppose -4*n + 18 = 2*j, l*n - 30 = n - j. Let d(c) = 9*c**2 + 8*c + 2. Is d(n) composite?
False
Let c(j) = -5 + 116*j + 83*j**2 + 111*j - 14 - 4 - 42*j**2. Is c(-21) composite?
False
Suppose -4 = r + 5*z + 1, 5*z = -5. Suppose 21*n - 32*n + 77363 = r. Is n composite?
True
Suppose -h + 1321 = -4*z, -4*z + 0*h - 1331 = -3*h. Let d(t) = t**3 - 15*t**2 + 14*t + 26. Let u be d(17). Let b = u - z. Is b prime?
True
Suppose 18*r = 5*r - 4368. Is (-1)/(-16) - 3050523/r composite?
True
Suppose 8 = 2*c - 0*c. Suppose -k - c*a = 1085, -1817 - 373 = 2*k + 4*a. Let h = -518 - k. Is h composite?
False
Suppose -8*i - 156604 = -10*i + m, -i + 4*m + 78309 = 0. Suppose -3*p - i = -4*l, l = -0*p - 5*p + 19604. Is l prime?
False
Is (-2)/8 + (-332339497)/(-1876) a prime number?
False
Is 19 + -4 + (17 - -56807) composite?
True
Suppose 4*a = -u + 184, -5*a + 8*u = 7*u - 230. Suppose 65*f - a*f - 912323 = 0. Is f a composite number?
False
Let u be 22 + (-4)/((0 - -2) + -6). Suppose -392